{"id":5638,"date":"2022-01-28T10:20:27","date_gmt":"2022-01-28T09:20:27","guid":{"rendered":"https:\/\/www.sivosgarlin.fr\/?page_id=5638"},"modified":"2022-01-28T10:29:19","modified_gmt":"2022-01-28T09:29:19","slug":"espace-jeunes-presentation","status":"publish","type":"page","link":"https:\/\/www.sivosgarlin.fr\/index.php\/periscolaire\/espace-jeunes-2\/espace-jeunes-presentation\/","title":{"rendered":"Espace Jeunes &#8211; Pr\u00e9sentation"},"content":{"rendered":"<p>[vc_row][vc_column width=\u00a0\u00bb1\/2&Prime;][vc_single_image image=\u00a0\u00bb5646&Prime; img_size=\u00a0\u00bbmedium\u00a0\u00bb][\/vc_column][vc_column width=\u00a0\u00bb1\/2&Prime;][vc_single_image image=\u00a0\u00bb5647&Prime; img_size=\u00a0\u00bbmedium\u00a0\u00bb][\/vc_column][\/vc_row][vc_row][vc_column][vc_empty_space height=\u00a0\u00bb25px\u00a0\u00bb]<div class=\"nicdark_divider  center big \"><span style=\"background-color:#007bf7;\" class=\"nicdark_radius\"><\/span><\/div>[vc_empty_space height=\u00a0\u00bb25px\u00a0\u00bb][vc_column_text]Depuis le mois de mai, le Syndicat des \u00c9coles de Garlin a ouvert son Espace Jeunes dans le m\u00eame b\u00e2timent que ses bureaux, \u00e0 deux pas du coll\u00e8ge, au 3 Place de la libert\u00e9.<br \/>\nL&rsquo;inauguration de ce nouveau local, \u00e0 destination des coll\u00e9giens du territoire, a \u00e9t\u00e9 inaugur\u00e9 le 8 juillet dernier en pr\u00e9sence de nombreuses personnalit\u00e9s:<\/p>\n<ul>\n<li><strong>Monsieur David Habib<\/strong>, d\u00e9put\u00e9 de la 3\u00e8me circonscription<\/li>\n<li><strong>Monsieur Jean-Pierre CRABOS<\/strong> Vice-pr\u00e9sident en charge de la Commission \u00ab Jeunesse-Formation \u00bb qui repr\u00e9sente Monsieur <strong>Bernard PEYROULET<\/strong>, Pr\u00e9sident de la communaut\u00e9 de communes des Luys en B\u00e9arn<\/li>\n<li>Toute l\u2019\u00e9quipe de la communaut\u00e9 de communes, en <strong>particulier Mme V\u00e9ronique Juan (DGS)<\/strong>, Monsieur Thomas FERLANDO (Directeur g\u00e9n\u00e9ral Adjoint), Marl\u00e8ne Carr\u00e8re (Directrice du p\u00f4le jeunesse sport formation) et Adeline Toral (Coordonnatrice jeunesse)<\/li>\n<li><strong>Mme Fabienne BASCOU<\/strong>, \u00e9lue du conseil d&rsquo;administration de la CAF 64, <strong>Monsieur J\u00e9r\u00f4me ROTETA <\/strong>(Directeur CAF64) et Monsieur J\u00e9r\u00f4me Chinette (Conseiller territorial CAF 64)<\/li>\n<li><strong>Les Maires du territoire et les \u00e9lus de la commune de Garlin, en particulier Monsieur Andr\u00e9 LANUSSE CAZALE Maire de Garlin<\/strong><\/li>\n<li><strong>Les \u00e9lus du comit\u00e9 syndical<\/strong><\/li>\n<li>Les \u00e9lus du conseil d\u00e9partemental, <strong>Jean Jacques Lass\u00e8res, Charles Pelannes et Genevieve Berg\u00e9 <\/strong><\/li>\n<li><strong>Le Maitre d&rsquo;\u0153uvre<\/strong> de cette op\u00e9ration de r\u00e9novation, <strong>Monsieur Camille MARIMBORDES<\/strong> <strong>(APGL) et les \u00e9lus du conseil d\u2019Administration (<\/strong><strong>Pascal MORA<\/strong><strong> Pr\u00e9sident) <\/strong>ainsi que toutes les entreprises qui ont r\u00e9alis\u00e9 un travail remarquable<\/li>\n<li><strong>Monsieur Jean Marc LASPOUMADERES et le Cr\u00e9dit Agricole de Garlin<\/strong>, partenaire financier de ce projet<\/li>\n<li>Tous les autres partenaires qui nous accompagnent dans nos projets en cours et \u00e0 venir, notamment <strong>les services de la tr\u00e9sorerie (Monsieur Fabre)<\/strong>, le <strong>centre social Alexis Peyret<\/strong> de Serres Castet, <strong>l&rsquo;association Progr\u00e8s<\/strong>, les <strong>Directrices, directeurs<\/strong> et <strong>membres des \u00e9quipes p\u00e9dagogiques des \u00e9coles et du coll\u00e8ge<\/strong><\/li>\n<li>Enfin, <strong>tous les agents du syndicat,<\/strong> agents techniques, agents administratifs et \u00e9quipe d&rsquo;animation ainsi que l&rsquo;ancienne \u00e9quipe de Direction, Monsieur Patrice Lague et Christine Coupat<\/li>\n<\/ul>\n<p>Si ce projet a pu voir le jour, c&rsquo;est gr\u00e2ce \u00e0 la contribution, la mobilisation et l&rsquo;engagement de tous ces acteurs en faveur de jeunes de notre territoire.<br \/>\nPar ailleurs, ce projet a pu voir le <strong>jour gr\u00e2ce au soutien financier de nos partenaires publics\u00a0:<\/strong><\/p>\n<ul>\n<li><strong>Etat <\/strong>(DETR)\u00a0: <strong>71 357,99 \u20ac<\/strong><\/li>\n<li><strong>La CAF64<\/strong> enveloppe maximum de <strong>100 000,00 \u20ac<\/strong> pour les travaux et dossier en cours pour le soutien \u00e0 l\u2019achat des \u00e9quipements num\u00e9riques<\/li>\n<li><strong>La r\u00e9gion<\/strong> au titre du programme FEADER d\u00e9veloppement rural Aquitain\u00a0: <strong>66 449,52 \u20ac<\/strong><\/li>\n<\/ul>\n<p>Ce projet va permettre aux jeunes de disposer d\u00e9sormais d&rsquo;un lieux d&rsquo;accueil, de travail et de projets , un lieu d&rsquo;animation, de rencontres, d&rsquo;accompagnement pour qu&rsquo;ils puissent devenir de jeunes adultes \u00e9veill\u00e9s et responsables.<\/p>\n<p>Le projet de cr\u00e9ation de cet Espace Jeunes a vu le jour \u00e0 la suite d&rsquo;une \u00e9tude territoriale men\u00e9e entre 2017 et 2019 sur la politique \u00e9ducative \u00e0 l\u2019\u00e9chelle des 18 communes du Syndicat des \u00c9coles.<\/p>\n<p>Cette \u00e9tude avait r\u00e9v\u00e9l\u00e9 la n\u00e9cessit\u00e9 de cr\u00e9er un lieu formalis\u00e9 et rep\u00e9r\u00e9 pour accompagner les jeunes de 12 \u00e0 17 ans autour des objectifs suivants\u00a0:<\/p>\n<ul>\n<li><strong>Favoriser l\u2019acc\u00e8s des jeunes<\/strong> aux structures de loisirs, \u00e0 l\u2019offre sportive et culturelle sur les temps p\u00e9ri et extrascolaires.<\/li>\n<li><strong>Cr\u00e9er des espaces d\u2019implication, de participation \u00e0 la vie citoyenne<\/strong> et de pr\u00e9vention pour les jeunes du territoire.<\/li>\n<li><strong>D\u00e9velopper un lieu d\u2019accueil<\/strong>, de <strong>travail et d\u2019\u00e9coute<\/strong> permettant aux jeunes de se retrouver sur les temps p\u00e9riscolaires.<\/li>\n<li><strong>Favoriser les \u00e9changes<\/strong> de jeunes sur le territoire.<\/li>\n<\/ul>\n<p>Ce projet s\u2019inscrit \u00e9galement dans une d\u00e9marche communautaire puisqu\u2019en parall\u00e8le, la Communaut\u00e9 de Communes des Luys en B\u00e9arn a fait de l\u2019action en direction de la jeunesse une de ses priorit\u00e9s. Ainsi, l\u2019implantation d\u2019un Espace Jeunes sur le p\u00e9rim\u00e8tre du Syndicat et plus particuli\u00e8rement sur la commune de GARLIN fait partie d\u2019un maillage territorial et partenarial coh\u00e9rent. Toutes les actions du Syndicat en faveur de la jeunesse s\u2019inscrivent en compl\u00e9mentarit\u00e9 des service propos\u00e9s pour les enfants de 3 \u00e0 11 ans au titre des comp\u00e9tences scolaires (entretien des \u00e9coles, restauration scolaire, accueil p\u00e9riscolaire, centre de loisirs&#8230;). Cette coh\u00e9rence permet de cr\u00e9er des liens forts avec les jeunes tout au long de leur \u00e9volution et de proposer des parcours et accompagnement qui correspondent \u00e0 leurs besoins.<\/p>\n<p><strong>Fonctionnement de l\u2019\u00e9quipement<\/strong><\/p>\n<p>Depuis fin mai 2021\u00a0: l\u2019Espace Jeunes est ouvert les mercredis apr\u00e8s-midi de 12h30 \u00e0 18h30. Plusieurs activit\u00e9s ludiques et sportives ont d\u00e9j\u00e0 \u00e9t\u00e9 organis\u00e9es (accrobranche, trampoline parc, ateliers cuisine, ateliers cin\u00e9ma&#8230;). Cet \u00e9t\u00e9, et comme pour toutes les vacances scolaires, les activit\u00e9s et s\u00e9jours jeunesse sont<strong> organis\u00e9s avec les autres Espaces Jeunes du territoire. <\/strong>Cet \u00e9t\u00e9, l\u2019Espace Jeunes de Garlin a organis\u00e9 le <strong>premier s\u00e9jour itin\u00e9rant du territoire.<br \/>\n<\/strong>Depuis la rentr\u00e9e scolaire 2021\/2022, l\u2019espace Jeunes propose <strong>un accueil p\u00e9riscolaire<\/strong> tout au long de l\u2019ann\u00e9e\u00a0: en fin de journ\u00e9e de 16h30 \u00e0 18h30 et le mercredi de 12h30 \u00e0 18h30<strong>. <\/strong>Ce fonctionnement de l\u2019Espace Jeunes sur le temps p\u00e9riscolaire a \u00e9t\u00e9 d\u00e9finit suite \u00e0 une enqu\u00eate r\u00e9alis\u00e9e aupr\u00e8s des familles.<\/p>\n<p>L\u2019espace Jeunes s\u2019inscrira <strong>dans un r\u00e9seau partenarial important et dynamique<\/strong> afin de garantir aux jeunes une offre de service riche et compl\u00e8te\u00a0: Conseil D\u00e9partemental 64, Coll\u00e8ge de GARLIN, Association Progr\u00e8s, Centre social A. PEYRET, les Francas 64&#8230;<\/p>\n<p>Les acteurs sont mobilis\u00e9s, les \u00e9lus sont moteurs, le lieu d\u2019accueil est pr\u00eats, les \u00e9quipes d\u2019animation sont engag\u00e9es&#8230;. toutes les conditions sont r\u00e9unies pour que les jeunes du territoire puissent s\u2019approprier ce nouvel \u00e9quipement et le faire vivre pour de nombreuses ann\u00e9es&#8230;[\/vc_column_text][vc_gallery interval=\u00a0\u00bb3&Prime; images=\u00a0\u00bb5641,5640,5643,5642,5645,5644,5639&Prime; img_size=\u00a0\u00bblarge\u00a0\u00bb onclick=\u00a0\u00bbimg_link_large\u00a0\u00bb][\/vc_column][\/vc_row]<\/p>\n","protected":false},"excerpt":{"rendered":"<p>[vc_row][vc_column width=\u00a0\u00bb1\/2&Prime;][vc_single_image image=\u00a0\u00bb5646&Prime; img_size=\u00a0\u00bbmedium\u00a0\u00bb][\/vc_column][vc_column width=\u00a0\u00bb1\/2&Prime;][vc_single_image image=\u00a0\u00bb5647&Prime; img_size=\u00a0\u00bbmedium\u00a0\u00bb][\/vc_column][\/vc_row][vc_row][vc_column][vc_empty_space height=\u00a0\u00bb25px\u00a0\u00bb][vc_empty_space height=\u00a0\u00bb25px\u00a0\u00bb][vc_column_text]Depuis le mois de mai, le Syndicat des \u00c9coles de Garlin a ouvert son Espace Jeunes dans le m\u00eame b\u00e2timent que ses bureaux, \u00e0 deux pas du coll\u00e8ge, au 3 Place de la libert\u00e9. L&rsquo;inauguration de ce nouveau local, \u00e0 destination des coll\u00e9giens du territoire, a \u00e9t\u00e9 &#8230;<\/p>\n","protected":false},"author":5,"featured_media":5132,"parent":5652,"menu_order":0,"comment_status":"closed","ping_status":"closed","template":"","meta":{"footnotes":""},"class_list":["post-5638","page","type-page","status-publish","has-post-thumbnail","hentry"],"post_mailing_queue_ids":[],"_links":{"self":[{"href":"https:\/\/www.sivosgarlin.fr\/index.php\/wp-json\/wp\/v2\/pages\/5638","targetHints":{"allow":["GET"]}}],"collection":[{"href":"https:\/\/www.sivosgarlin.fr\/index.php\/wp-json\/wp\/v2\/pages"}],"about":[{"href":"https:\/\/www.sivosgarlin.fr\/index.php\/wp-json\/wp\/v2\/types\/page"}],"author":[{"embeddable":true,"href":"https:\/\/www.sivosgarlin.fr\/index.php\/wp-json\/wp\/v2\/users\/5"}],"replies":[{"embeddable":true,"href":"https:\/\/www.sivosgarlin.fr\/index.php\/wp-json\/wp\/v2\/comments?post=5638"}],"version-history":[{"count":7,"href":"https:\/\/www.sivosgarlin.fr\/index.php\/wp-json\/wp\/v2\/pages\/5638\/revisions"}],"predecessor-version":[{"id":5662,"href":"https:\/\/www.sivosgarlin.fr\/index.php\/wp-json\/wp\/v2\/pages\/5638\/revisions\/5662"}],"up":[{"embeddable":true,"href":"https:\/\/www.sivosgarlin.fr\/index.php\/wp-json\/wp\/v2\/pages\/5652"}],"wp:featuredmedia":[{"embeddable":true,"href":"https:\/\/www.sivosgarlin.fr\/index.php\/wp-json\/wp\/v2\/media\/5132"}],"wp:attachment":[{"href":"https:\/\/www.sivosgarlin.fr\/index.php\/wp-json\/wp\/v2\/media?parent=5638"}],"curies":[{"name":"wp","href":"https:\/\/api.w.org\/{rel}","templated":true}]}}