{"id":134,"date":"2018-08-20T15:11:39","date_gmt":"2018-08-20T13:11:39","guid":{"rendered":"http:\/\/151.80.74.124\/sivos-garlin\/?page_id=134"},"modified":"2026-04-08T16:40:13","modified_gmt":"2026-04-08T14:40:13","slug":"ecole-elementaire-de-garlin","status":"publish","type":"page","link":"https:\/\/www.sivosgarlin.fr\/index.php\/scolaire\/les-etablissements-scolaires\/ecole-elementaire-de-garlin\/","title":{"rendered":"Ecole \u00e9l\u00e9mentaire de Garlin"},"content":{"rendered":"<p>[vc_row][vc_column width=\u00a0\u00bb2\/3&Prime;][vc_empty_space height=\u00a0\u00bb15px\u00a0\u00bb][vc_column_text]L\u2019\u00e9cole \u00e9l\u00e9mentaire de GARLIN est compos\u00e9e de 6 classes dont trois classes de bilingue occitan auxquelles se rajoute une section <a href=\"http:\/\/eduscol.education.fr\/cid53163\/les-unites-localisees-pour-l-inclusion-scolaire-ulis.html?mddtab=0\" target=\"_blank\" rel=\"noopener noreferrer\">ULIS<\/a>.<br \/>\nExtr\u00eamement dynamique, l\u2019\u00e9quipe p\u00e9dagogique propose de nombreux projets tout au long de l\u2019ann\u00e9e\u00a0: piscine, m\u00e9diath\u00e8que, sport, classe d\u00e9couverte,&#8230;<\/p>\n<p>L\u2019\u00e9cole \u00e9l\u00e9mentaire de GARLIN a fait l\u2019objet d\u2019une r\u00e9novation et d\u2019une extension entre 2016 et 2017 pour disposer aujourd\u2019hui d\u2019espaces accueillants, modernes et tr\u00e8s fonctionnels tout \u00e0 fait propices \u00e0 un enseignement de qualit\u00e9.[\/vc_column_text][vc_empty_space height=\u00a0\u00bb15px\u00a0\u00bb]<table class=\"nicdark_table extrabig nicdark_bg_yellow nicdark_radius\" style=\"height: 216px; width: 48.8373%;\">\n<thead class=\"nicdark_border_yellow\">\n<tr style=\"height: 24px;\">\n<th style=\"color: white; text-align: center; height: 24px; width: 38.4131%;\">Niveau<\/th>\n<th style=\"color: white; text-align: center; height: 24px; width: 21.7884%;\">Nombre\u00a0d&rsquo;\u00e9l\u00e8ves<\/th>\n<th style=\"color: white; text-align: center; height: 24px; width: 38.539%;\">Enseignant(e)<\/th>\n<\/tr>\n<\/thead>\n<tbody class=\"nicdark_bg_grey nicdark_border_grey\">\n<tr style=\"height: 24px;\">\n<th style=\"text-align: center; height: 24px; width: 38.4131%;\">CE1-CE2<\/th>\n<td style=\"text-align: center; height: 24px; width: 21.7884%;\">25<\/td>\n<td style=\"text-align: center; height: 24px; width: 38.539%;\">Mme OUALI\/Mme HAYE<\/td>\n<\/tr>\n<tr style=\"height: 24px;\">\n<th style=\"text-align: center; height: 24px; width: 38.4131%;\">CP-CM2<\/th>\n<td style=\"text-align: center; height: 24px; width: 21.7884%;\">22<\/td>\n<td style=\"text-align: center; height: 24px; width: 38.539%;\">Mme CAVERO-PALACIO<\/td>\n<\/tr>\n<tr style=\"height: 24px;\">\n<th style=\"text-align: center; height: 24px; width: 38.4131%;\">CM1-CM2<\/th>\n<td style=\"text-align: center; height: 24px; width: 21.7884%;\">26<\/td>\n<td style=\"text-align: center; height: 24px; width: 38.539%;\">Mme FROUTE<\/td>\n<\/tr>\n<tr style=\"height: 24px;\">\n<th style=\"text-align: center; height: 24px; width: 38.4131%;\">CP-CE1-CE2 Bilingue occitan<\/th>\n<td style=\"text-align: center; height: 24px; width: 21.7884%;\">21<\/td>\n<td style=\"text-align: center; height: 24px; width: 38.539%;\">Mme LARRIEU\/Mme LAFARGUE<\/td>\n<\/tr>\n<tr>\n<th style=\"text-align: center; width: 38.4131%;\">CE2-CM1-CM2 Bilingue occitan<\/th>\n<td style=\"text-align: center; width: 21.7884%;\">25<\/td>\n<td style=\"text-align: center; width: 38.539%;\">M. DUBERTRAND<\/td>\n<\/tr>\n<tr style=\"height: 24px;\">\n<th style=\"text-align: center; height: 24px; width: 38.4131%;\">CM1 Bilingue occitan<\/th>\n<td style=\"text-align: center; height: 24px; width: 21.7884%;\">15<\/td>\n<td style=\"text-align: center; height: 24px; width: 38.539%;\">Mme LARRIEU\/Mme LAFARGUE<\/td>\n<\/tr>\n<tr style=\"height: 48px;\">\n<th style=\"text-align: center; height: 48px; width: 38.4131%;\">ULIS<\/th>\n<td style=\"text-align: center; height: 48px; width: 21.7884%;\">11<br \/>\n<span style=\"font-size: 8pt;\">(inclus dans les effectifs ci-dessus)<\/span><\/td>\n<td style=\"text-align: center; height: 48px; width: 38.539%;\">M. MONBEIG<\/td>\n<\/tr>\n<\/tbody>\n<\/table>\n[vc_empty_space height=\u00a0\u00bb15px\u00a0\u00bb][\/vc_column][vc_column width=\u00a0\u00bb1\/3&Prime;][vc_empty_space height=\u00a0\u00bb15px\u00a0\u00bb][vc_single_image image=\u00a0\u00bb2830&Prime; img_size=\u00a0\u00bblarge\u00a0\u00bb][vc_column_text css=\u00a0\u00bb.vc_custom_1775659137631{padding-top: 15px !important;padding-right: 15px !important;padding-bottom: 15px !important;padding-left: 15px !important;background-color: #f5f5f5 !important;border-radius: 5px !important;}\u00a0\u00bb]<\/p>\n<h3 style=\"text-align: center;\">Carte d&rsquo;identit\u00e9 :<\/h3>\n<p style=\"text-align: center;\">Directrice\u00a0: <strong>Mme \u00c9lodie OUALI<\/strong><br \/>\nEffectifs 2025-2026 : <strong>119 \u00e9l\u00e8ves<\/strong><br \/>\nHoraires\u00a0: <strong>les lundi-mardi-jeudi-vendredi de 8:30 \u00e0 11:30 et de 13:00 \u00e0 16:00<\/strong><\/p>\n<p><strong>\u00a0<\/strong>[\/vc_column_text][vc_empty_space height=\u00a0\u00bb15px\u00a0\u00bb][vc_column_text css=\u00a0\u00bb.vc_custom_1538483661743{padding-top: 15px !important;padding-right: 15px !important;padding-bottom: 15px !important;padding-left: 15px !important;background-color: #f5f5f5 !important;border-radius: 5px !important;}\u00a0\u00bb]<\/p>\n<h3 style=\"text-align: center;\">Contact :<\/h3>\n<p style=\"text-align: center;\">Adresse\u00a0: <strong>1 place des Ecoles &#8211; 64\u00a0330 GARLIN<\/strong><br \/>\nT\u00e9l\/fax\u00a0: <strong>05 59 84 38 36<\/strong><br \/>\nCourriel\u00a0: <a href=\"mailto:ce.0641172b@ac-bordeaux.fr\">ce.0641172b@ac-bordeaux.fr<\/a><\/p>\n<p>[\/vc_column_text][vc_gallery type=\u00a0\u00bbimage_grid\u00a0\u00bb images=\u00a0\u00bb2831,2832&Prime; css=\u00a0\u00bb.vc_custom_1538484161457{padding-top: 15px !important;padding-right: 15px !important;padding-bottom: 15px !important;padding-left: 15px !important;}\u00a0\u00bb][vc_empty_space height=\u00a0\u00bb15px\u00a0\u00bb][\/vc_column][\/vc_row][vc_row][vc_column][vc_empty_space height=\u00a0\u00bb30px\u00a0\u00bb][\/vc_column][\/vc_row]<\/p>\n","protected":false},"excerpt":{"rendered":"<p>[vc_row][vc_column width=\u00a0\u00bb2\/3&Prime;][vc_empty_space height=\u00a0\u00bb15px\u00a0\u00bb][vc_column_text]L\u2019\u00e9cole \u00e9l\u00e9mentaire de GARLIN est compos\u00e9e de 6 classes dont trois classes de bilingue occitan auxquelles se rajoute une section ULIS. Extr\u00eamement dynamique, l\u2019\u00e9quipe p\u00e9dagogique propose de nombreux projets tout au long de l\u2019ann\u00e9e\u00a0: piscine, m\u00e9diath\u00e8que, sport, classe d\u00e9couverte,&#8230; L\u2019\u00e9cole \u00e9l\u00e9mentaire de GARLIN a fait l\u2019objet d\u2019une r\u00e9novation et d\u2019une extension entre 2016 &#8230;<\/p>\n","protected":false},"author":1,"featured_media":0,"parent":52,"menu_order":4,"comment_status":"closed","ping_status":"closed","template":"","meta":{"footnotes":""},"class_list":["post-134","page","type-page","status-publish","hentry"],"post_mailing_queue_ids":[],"_links":{"self":[{"href":"https:\/\/www.sivosgarlin.fr\/index.php\/wp-json\/wp\/v2\/pages\/134","targetHints":{"allow":["GET"]}}],"collection":[{"href":"https:\/\/www.sivosgarlin.fr\/index.php\/wp-json\/wp\/v2\/pages"}],"about":[{"href":"https:\/\/www.sivosgarlin.fr\/index.php\/wp-json\/wp\/v2\/types\/page"}],"author":[{"embeddable":true,"href":"https:\/\/www.sivosgarlin.fr\/index.php\/wp-json\/wp\/v2\/users\/1"}],"replies":[{"embeddable":true,"href":"https:\/\/www.sivosgarlin.fr\/index.php\/wp-json\/wp\/v2\/comments?post=134"}],"version-history":[{"count":23,"href":"https:\/\/www.sivosgarlin.fr\/index.php\/wp-json\/wp\/v2\/pages\/134\/revisions"}],"predecessor-version":[{"id":7857,"href":"https:\/\/www.sivosgarlin.fr\/index.php\/wp-json\/wp\/v2\/pages\/134\/revisions\/7857"}],"up":[{"embeddable":true,"href":"https:\/\/www.sivosgarlin.fr\/index.php\/wp-json\/wp\/v2\/pages\/52"}],"wp:attachment":[{"href":"https:\/\/www.sivosgarlin.fr\/index.php\/wp-json\/wp\/v2\/media?parent=134"}],"curies":[{"name":"wp","href":"https:\/\/api.w.org\/{rel}","templated":true}]}}